 x - 20. Calculate the remainder when 50 is divided by i.
11
Suppose -5*u - 4*d = -909, -3 = -6*d + 3*d. What is the remainder when u is divided by 46?
43
Calculate the remainder when (39/(-6))/(-13)*34 is divided by (-65)/(-7) + 2/(-7).
8
Let i = -221 + 237. What is the remainder when -1 - 1*(-46 + -2) is divided by i?
15
Let v(z) = -2*z - 2. Let n be v(-3). Suppose n*h - 90 = -h. Let t = 37 - h. What is the remainder when 37 is divided by t?
18
Let o(j) = -j - 2 + 4*j**2 - j + j. What is the remainder when o(2) is divided by 7?
5
Suppose u + 4*p - 22 = 5, u - 5*p = 45. What is the remainder when u is divided by 9?
8
Let w = -21 - -28. What is the remainder when 20 is divided by w?
6
Suppose 0*p + 4*p = -k + 205, 259 = 5*p + 4*k. Calculate the remainder when p is divided by 18.
15
Let h(g) = -10*g + 16. What is the remainder when h(-6) is divided by 20?
16
Let z(h) be the third derivative of h**4/8 - 4*h**3/3 - 3*h**2. Let r be z(6). Calculate the remainder when 45/r - 6/4 is divided by 2.
1
Let y(u) = -u**3 + 7*u**2 - 4*u - 7. Calculate the remainder when 9 is divided by y(6).
4
Let v(z) = 27*z**2 - z - 1. Suppose -5*u + 0*u = -4*h - 24, 5*h - u + 9 = 0. Calculate the remainder when v(h) is divided by 14.
13
Let h = -57 - -81. What is the remainder when h is divided by (-16)/80 - 92/(-10)?
6
Suppose -5*f - 22 = 3*m, 8*m - 5*m = -4*f - 17. Let x = 10 - -12. What is the remainder when x is divided by 14/2 - (-2 + m)?
6
Let s = 8 - 7. Calculate the remainder when 35 is divided by -15*(s + (-11)/5).
17
Let g(b) = 2*b**2 + b + 1. Let h be g(-3). Let q = -9 + h. Suppose 8 = 3*n - q. Calculate the remainder when n is divided by 2.
1
Let y = 63 + -35. What is the remainder when 81 is divided by y?
25
Suppose 0*z - 2*z = 2, 48 = 5*y + 2*z. Let r(n) = -n + 4. Let o be r(11). Let a(j) = 2*j**2 + 9*j - 6. Calculate the remainder when a(o) is divided by y.
9
Let m = -57 - -97. What is the remainder when m is divided by 14?
12
Let d = -6 + 18. Suppose -31 = -5*u - 6. Calculate the remainder when (-26)/3*(-18)/d is divided by u.
3
Let c(g) = -12*g**3 - g - 1. Suppose 5*d + 2*f - 100 = 0, 4*d - 2*f + 78 = 8*d. Calculate the remainder when d is divided by c(-1).
10
Suppose -78 = 3*g - 84. What is the remainder when g is divided by 1 - (-1)/(-1) - -2?
0
Suppose -4*p = -90 + 22. Let v(s) = 3*s**2 + 5*s + 3. Let w be v(-3). Suppose 4*k - w - 9 = 0. What is the remainder when p is divided by k?
5
Let n(p) = -24*p - 3. Suppose 13*b = 27*b - 336. Calculate the remainder when n(-4) is divided by b.
21
Let k(a) = -a**3 - 6*a**2 + 7*a. Let y be k(-7). Let c = 2 - y. Calculate the remainder when 3 is divided by c.
1
Let f = 25 + -10. What is the remainder when 56 is divided by f?
11
Suppose 0 = 3*i - 4 - 2. Suppose 3*x + 1 = -2*o, 0 = o - 2*o + x + 12. Let l = -5 + o. Calculate the remainder when i is divided by l.
0
Let n be 2*(2 - 3) + 0. Calculate the remainder when (n/(-6))/((-5)/(-90)) is divided by 4.
2
Let k(o) = -o**2 - 6*o. Let d be k(-9). Let r = d - -54. Suppose 0 = -5*j + 10 - 0, -62 = -4*m - 3*j. What is the remainder when r is divided by m?
13
Suppose -3*m - 5 - 4 = 0. Let i = 0 - m. What is the remainder when 7 is divided by i?
1
Suppose 3*v - v - 294 = -2*a, 0 = 5*v - 5. Suppose 4*l + 10 = a. What is the remainder when l is divided by 12?
10
Suppose 3*x = x + 36. Suppose -9 = -3*i, 0 = -5*g - 5*i + 4*i + 23. Calculate the remainder when x is divided by g.
2
Let s be (-1)/2 - 23/(-2). Let a be (s + -5)*42/4. Suppose -5*v + 325 = -2*k, -2*v - 2*k + a + 81 = 0. What is the remainder when v is divided by 23?
21
Suppose 0 = 5*s - 2*c - 2*c - 28, -4*c - 4 = -2*s. Let h = s - 2. Calculate the remainder when 16 is divided by h.
4
What is the remainder when ((-8)/5)/(-1 - (-87)/90) is divided by 14?
6
Let d be 3/3 + (1 - -1). Suppose -3*v + 54 = -d*i - 9, 25 = 5*i. Let h(z) = z**3 - 4*z - 1. What is the remainder when v is divided by h(3)?
12
Let c(a) = -a**3 - a - 3. Let s be c(0). Let u = s + -2. What is the remainder when 8 is divided by u*(2 - 3)*1?
3
Suppose -4*q + d + 2 = -3, 4*q + 4*d = 0. Let t be (-1 - 2)*1/3. What is the remainder when 41 is divided by t + q + (-21)/(-1)?
20
Suppose 3*u + 0*j + 2*j - 6 = 0, -3*j = -2*u + 4. What is the remainder when u is divided by 1?
0
Suppose 0 = m + 4*m - 5*b + 20, -2*m = 3*b - 2. Let i be 0*1*m/4. Suppose l + 0*l + x = 45, 4*l - x - 155 = i. What is the remainder when l is divided by 14?
12
Let m = -9 + -3. Let y be (-8)/(-5)*(-30)/m. Let b(h) = -h**3 + 5*h**2 - 2*h. What is the remainder when 14 is divided by b(y)?
6
Let i(s) = 2 + 0 - 8*s**2 - 4*s + 2*s**2 - s**3 + 2*s. Calculate the remainder when i(-6) is divided by 5.
4
Suppose -4*y = 2*y - 18. Suppose -5*w + 7 = -5*h - y, -4*h = 3*w - 27. What is the remainder when 5 is divided by h?
2
Suppose 96 = 10*q - 2*q. Calculate the remainder when 46 is divided by q.
10
Suppose -4*l + 19 - 3 = 0. Suppose -1 = l*i + 3. Calculate the remainder when 22 is divided by 6 + (2 - 1) - i.
6
Let a be (-13 - (1 - -2))*-1. Suppose -n + 5*n - a = 0. What is the remainder when 10 is divided by n?
2
Suppose -4*o + 182 = -c, -2*o = c - 122 + 34. Calculate the remainder when o is divided by 12.
9
Let w(n) be the first derivative of -n**2/2 + n - 4. Suppose 81 = 5*m + 6. What is the remainder when m is divided by w(-8)?
6
Suppose -12*u + 9*u + 588 = 0. What is the remainder when u is divided by 33?
31
Suppose 7*q - 115 = 144. Calculate the remainder when 147 is divided by q.
36
Suppose 0 = -3*u + 47 + 16. Let h(l) = -3*l - 3. Suppose 2*o - 3*o = 3. What is the remainder when u is divided by h(o)?
3
Suppose 4*y + 3*o - 197 = 0, -o + 98 = 2*y + o. Suppose 0 = 5*d - 0*d - 180. Suppose -h - 3 = 0, 7 - d = -j + 4*h. What is the remainder when y is divided by j?
16
Suppose 5*x + 4 = 9. What is the remainder when 3 is divided by x?
0
Let v(c) = c**3 + 6*c**2 - 9*c - 8. Let m(w) = 5*w + 2. Let g be m(2). Suppose -4*n - g = 16. What is the remainder when 11 is divided by v(n)?
5
Suppose 9 = 2*y + 5. Calculate the remainder when 10 is divided by y.
0
Calculate the remainder when (-2)/8 + 424/32 is divided by 7.
6
Let b = -3 - 3. Let h be b/24 - 1/(-4). Suppose q + 0*m = -3*m + 20, 2*m - 6 = h. Calculate the remainder when q is divided by 4.
3
Let c(q) be the third derivative of -19*q**6/120 + q**4/12 + q**3/6 - 4*q**2. What is the remainder when c(-1) is divided by 5?
3
Let t(j) = j**2 + 7*j - 4. Let o(q) = -q**2 + 6*q - 1. Let k be o(7). What is the remainder when 13 is divided by t(k)?
1
Let s(t) = -t**2 + 7*t + 5. Calculate the remainder when 19 is divided by s(6).
8
Suppose 4*h = -2*x - h - 15, 0 = 5*h + 25. Let v(k) be the first derivative of 2*k**2 - 6*k + 7. What is the remainder when v(5) is divided by x?
4
Let i(l) = l**2 + 20*l - 34. Calculate the remainder when 17 is divided by i(-22).
7
Let o(w) = 2*w**2 + 2*w + 9. Let g(t) = 2*t**2 + 4*t - 6. What is the remainder when g(-5) is divided by o(-2)?
11
Suppose 0 = -4*l + 2*l + 30. Let a = -6 + 32. Let i = -18 + a. Calculate the remainder when l is divided by i.
7
Suppose -5*u = -2*u + 45. Let k = u - -18. What is the remainder when k is divided by 1?
0
Suppose -37*g + 32*g = -165. Calculate the remainder when g is divided by 6.
3
Suppose 112 = 18*d - 32. Let n(o) = 14*o**3 + o - 1. What is the remainder when n(1) is divided by d?
6
Let j be -5*(-1 - 0)*1. Suppose -4*n = -j*n + 7. Calculate the remainder when 12 is divided by n.
5
Let q = 9 + 6. Suppose q = -3*m, 9*m = 5*y + 4*m - 250. Calculate the remainder when y is divided by 12.
9
Let u be (5/(-15))/(1/(-9)). Suppose -z - u*z + 32 = 0. Calculate the remainder when 23 is divided by z.
7
Let h(c) = 10*c**2 - 2*c - 1. Calculate the remainder when h(5) is divided by 40.
39
Suppose -19 - 11 = -l. Suppose -12 = -f + l. What is the remainder when f is divided by 11?
9
Let r = -5 + 14. Suppose 134 = 5*h + 3*a, 3*a + 0*a - 109 = -4*h. What is the remainder when h is divided by r?
7
Suppose 6*y - y = 0. Suppose -3 = 2*t - 5*u, 3*t - 2*u = -y*u + 23. Calculate the remainder when t is divided by 4/((-1)/(-1) + 0).
3
Let c = -352 - -520. Suppose -2*j - 3*j + 110 = 2*x, -4*x = -3*j - c. Calculate the remainder when x is divided by 12.
9
Let d = -16 + 22. Suppose 1 = y - 6. What is the rema